he greatest common divisor of g and 3.
3
Let d = -242 + 249. What is the highest common divisor of 161 and d?
7
Let y(j) = -j**2 + 10*j - 21. Let l be y(4). What is the highest common factor of 66 and l?
3
Let q = -5 - -8. Let t be -6*((-11)/2)/(24 + -23). What is the highest common factor of t and q?
3
Let x = -55 + 84. Let d = x - 7. What is the highest common factor of 242 and d?
22
Let x = 131 + -217. Let t = x - -154. Calculate the highest common factor of 17 and t.
17
Let m(u) = -6*u + 9. Let l = 34 + -32. Suppose 0 = -l*c - c - 15. Let n be m(c). What is the highest common factor of n and 13?
13
Suppose -1368 = -15*g - 78. What is the greatest common divisor of 129 and g?
43
Suppose u - 2*u = 0. Suppose j - 175 = -5*f, f + 0*j + 2*j - 26 = u. Let y be 5536/f + 2/9. Calculate the highest common factor of 22 and y.
22
Suppose 386 = 4*s - 3*u, 467 = -24*s + 29*s + 4*u. Calculate the highest common factor of 57 and s.
19
Suppose 5*l - 3*g - 23 = 0, 4*l + 0*g - 11 = -5*g. Let n be -16*(-2 - (-6)/l). Calculate the highest common factor of n and 40.
8
Let n be (-24032)/(-160) - (-1)/(-5). Calculate the greatest common divisor of 60 and n.
30
Let h be 3*5*4/20. Suppose -h*o = -32 - 1. Let z be o*(-1)/(2/(-34)). What is the highest common divisor of z and 17?
17
Let q = 1804 + 92. What is the highest common divisor of 79 and q?
79
Suppose 136 = 2*q + 2*q. Suppose -d - 2*o + 234 = 0, 2*d - 5*o + 266 = 752. What is the greatest common factor of q and d?
34
Let g = 134 + 61. Suppose 0 = -5*z + 10*z - g. Calculate the greatest common factor of z and 273.
39
Let k(f) = f**2 - 4*f - 17. Let m be k(7). Suppose -2*z - 9 = 3*j - 71, m*z = -8. What is the greatest common factor of j and 2?
2
Suppose 3*i - 16 = y, 0*y - 4*y = 2*i + 8. Suppose 9*x = -i + 40. What is the greatest common factor of 36 and x?
4
Suppose -2*d + 14 = -9*d. Let v be (d - -99) + (-4 - 0). What is the highest common factor of 31 and v?
31
Suppose -11 = -3*v + 25. Let n be (-8 - -12)*60/(-4 + 9). Calculate the highest common divisor of v and n.
12
Let m(u) = 40 + 2*u**3 + 19*u + u**2 - 21*u - u**3. Let c be m(0). What is the highest common divisor of c and 8?
8
Let v = -48 + 55. Suppose 0 = -2*j + 27 + 57. Calculate the highest common divisor of v and j.
7
Suppose 0 = -22*z + 9*z + 1716. What is the greatest common divisor of z and 60?
12
Suppose -193 - 1391 = -22*d. Calculate the highest common factor of d and 504.
72
Let s = 58 - 54. Suppose -s*k - 4*o = 2 - 450, 4*o = -3*k + 333. What is the greatest common factor of k and 46?
23
Suppose 5*l + 199 = 4*y, -y = l + 51 - 13. Let m = l + 214. Calculate the highest common divisor of 25 and m.
25
Let o = 389 - 182. Calculate the highest common factor of o and 23.
23
Let x = 139 - 139. Suppose v = -3*d + 6, -v - d = -x*v - 12. What is the highest common factor of 105 and v?
15
Let j = 393 + -224. What is the highest common divisor of j and 13?
13
Let i be (1/(-3))/((-1)/9). Let f be (-1)/6 + 294/36. Suppose f = 4*a - i*a. Calculate the highest common divisor of 8 and a.
8
Suppose 3*g = 5*s - 11341, 39*g + 9065 = 4*s + 34*g. What is the highest common divisor of s and 20?
10
Suppose 23*y = 27*y - 12. Suppose -i - 112 = -y*i + j, 281 = 5*i - 2*j. What is the highest common factor of i and 399?
57
Let h be 224/(-24)*225/(-10). Calculate the highest common factor of 240 and h.
30
Let a(m) = -9*m + 36. Let w be a(2). Suppose f - 195 = -g, -5*g - 23 = -4*f - 1025. What is the highest common divisor of g and w?
18
Let a be (-27)/36*7*-52. What is the greatest common divisor of a and 63?
21
Suppose 4*w = -3*p - 144, -4*w + 4*p + 68 = 240. Let s be (-2912)/w - (-2)/6. What is the highest common factor of 15 and s?
15
Suppose -2*m + 3 = -7. Suppose -d - m = -2*d. Suppose 0 = -l + d + 8. Calculate the greatest common factor of l and 91.
13
Let j(a) = -43*a - 3. Let l be j(-1). Suppose 0 = -2*t + 7*t - 40. Calculate the highest common factor of l and t.
8
Let s be 5/1 + 0 + -2. Suppose -32 = -o + 4*f, -s*f + 63 = 4*o + 11. Let m be 3830/30 + (-3)/(-18)*2. What is the highest common factor of o and m?
16
Let i(x) = -3*x**2 - 3*x - 1. Let f be i(-2). Let u = f + -1. Let o(v) = v**2 + 8*v + 8. Let g be o(u). What is the highest common divisor of 80 and g?
8
Suppose 70*a - 41595 = 11*a. Calculate the highest common divisor of 30 and a.
15
Let j = -407 + 637. What is the highest common divisor of 184 and j?
46
Let c = -1 - -40. Let g = c - -3. What is the greatest common factor of 6 and g?
6
Let p(c) = 9*c + 57. Let w be p(-5). Suppose -3*s + 518 = 158. What is the greatest common divisor of s and w?
12
Let m(x) = -2*x + 90. Let v be m(-23). What is the greatest common factor of v and 24?
8
Let j(g) = 2*g**3 + 45*g**2 + 23*g + 33. Let m be j(-22). Calculate the greatest common factor of 473 and m.
11
Suppose 0 = w + 4*l - 0*l + 8, -2*w = l - 5. Calculate the greatest common divisor of w and 100.
4
Suppose 7*m = n + 3*m - 7, 4*n - 88 = 4*m. What is the greatest common divisor of 72 and n?
9
Suppose 12808 = 24*o + 1576. What is the greatest common factor of 108 and o?
36
Let u be (-1 + 0)*-2 + 10. Let r be 16/u*(-75)/(-2). What is the greatest common divisor of r and 125?
25
Let b(v) = v**2 + 17*v + 36. Let m be b(-14). Let h(f) = f**2 - 6*f + 5. Let a be h(m). Calculate the highest common divisor of a and 11.
11
Let p(n) = -3*n - 7. Let i be p(-5). Let l(g) = -g**3 - 6*g**2 - g + 8. Let j be l(-7). What is the greatest common divisor of i and j?
8
Let w = -1468 + 1507. What is the greatest common factor of 312 and w?
39
Let x be ((-13)/(-2))/(((-12)/32)/(-3)). Suppose 5*z + 48 + 30 = 3*b, -2*b + x = 4*z. What is the greatest common factor of b and 2?
2
Let x be ((-296)/(-24) - 11)/(4/246). Calculate the highest common factor of 4 and x.
2
Suppose 3*r = -0 + 3, -3*u - 38 = -5*r. Let w be (-10)/(-1) + u + 11. Let l = 232 - 142. What is the highest common divisor of l and w?
10
Let g(n) = 155*n**2 - 2. Let m be g(1). What is the greatest common factor of m and 17?
17
Let b be (-9)/4*44/11. Let r(q) = -2*q**2 - 19*q + 11. Let c be r(b). What is the greatest common divisor of 180 and c?
20
Suppose -n = 5*t - 70, 3*n - 186 = -0*t - 3*t. What is the highest common divisor of n and 96?
12
Suppose 0 = -3*p + 5*y + 3537, -2*p - 3*y = -565 - 1812. What is the greatest common factor of 37 and p?
37
Let k(y) = -y**2 + 16*y - 11. Let w be k(15). Suppose 75 = 4*s - g, -w*g + g = s - 35. What is the highest common divisor of 10 and s?
10
Let k(i) = -6*i - 4. Let l be k(-4). Suppose -3*o + 12*o - 40 = 5*o. What is the greatest common divisor of o and l?
10
Let x be -10 - -16 - 1/1*-3414. What is the greatest common divisor of 95 and x?
95
Suppose 253 - 103 = g. What is the greatest common factor of 60 and g?
30
Suppose -3*x + 45 = 3*v, -1 - 24 = -5*x. Calculate the highest common divisor of 220 and v.
10
Let j = -377 - -611. What is the greatest common divisor of 18 and j?
18
Suppose 3*g + 3*g = -1584. Let d be g/(-9)*9/6. Suppose -8*h + 13*h - 20 = 0. What is the highest common factor of h and d?
4
Let u be -4 + -2 + 11 + -10. Let h be 2/(6*u/(-195)). What is the highest common factor of h and 13?
13
Suppose 2*c - 73 = c. Let x = c + -40. Calculate the greatest common factor of 11 and x.
11
Let b = 113 + 7. Suppose -6*o = -4*o - b. Calculate the highest common factor of 24 and o.
12
Suppose -2*k + 3*n = -51, 0 = -3*k - k + 2*n + 90. Suppose 0 = 4*c + 20, -d + 11*c - 15*c + 148 = 0. What is the highest common factor of d and k?
21
Let f be (-2)/(-4)*129 - 57/(-38). Suppose 4*h = i - 18 + f, -3*i = h + 1. Calculate the highest common factor of 99 and h.
11
Let u(b) = -2*b**3 + b**2 + 3*b + 67. Let v be u(0). What is the highest common divisor of v and 871?
67
Let m(s) = -s**3 + 7*s**2 - 6*s + 4. Let l be m(6). Suppose 6*v = l*v. Suppose v - 9 = -3*i. What is the highest common factor of i and 6?
3
Suppose -32*k + 774 = -58. Calculate the greatest common factor of k and 4.
2
Suppose 5570 = 26*s + 578. What is the greatest common divisor of s and 24?
24
Let f(h) = -10*h + 44. Let o be f(2). What is the highest common factor of 16 and o?
8
Suppose 0 = 2*r + 8*j - 3*j - 26, 0 = -2*r - 2*j + 26. Suppose 2*x - 458 = -4*y, -94*y + 98*y - 5*x - 493 = 0. Calculate the highest c